{"id":2887,"date":"2022-07-04T10:23:12","date_gmt":"2022-07-04T08:23:12","guid":{"rendered":"https:\/\/tienda.lasallesantander.es\/?post_type=product&#038;p=2887"},"modified":"2026-04-17T20:46:27","modified_gmt":"2026-04-17T18:46:27","slug":"jogger-largo-de-deporte-modelo-nuevo","status":"publish","type":"product","link":"https:\/\/tienda.lasallesantander.es\/?product=jogger-largo-de-deporte-modelo-nuevo","title":{"rendered":"Jogger largo de deporte (Modelo Nuevo)"},"content":{"rendered":"","protected":false},"excerpt":{"rendered":"<p>Pantal\u00f3n deportivo con cintura el\u00e1stica y estilo ajustado.<\/p>\n<p>Se puede combinar con la sudadera azul &#8220;La Salle&#8221;.<\/p>\n<p>Color: azul con l\u00ednea y serigraf\u00eda del logo en amarillo.<\/p>\n<p>Composici\u00f3n: 50% poli\u00e9ster y 50% algod\u00f3n.<\/p>\n","protected":false},"featured_media":3810,"template":"","meta":[],"product_brand":[],"product_cat":[38],"product_tag":[],"class_list":{"0":"post-2887","1":"product","2":"type-product","3":"status-publish","4":"has-post-thumbnail","6":"product_cat-chandal-colegial","8":"first","9":"instock","10":"taxable","11":"shipping-taxable","12":"purchasable","13":"product-type-variable"},"jetpack_sharing_enabled":true,"_links":{"self":[{"href":"https:\/\/tienda.lasallesantander.es\/index.php?rest_route=\/wp\/v2\/product\/2887","targetHints":{"allow":["GET"]}}],"collection":[{"href":"https:\/\/tienda.lasallesantander.es\/index.php?rest_route=\/wp\/v2\/product"}],"about":[{"href":"https:\/\/tienda.lasallesantander.es\/index.php?rest_route=\/wp\/v2\/types\/product"}],"wp:featuredmedia":[{"embeddable":true,"href":"https:\/\/tienda.lasallesantander.es\/index.php?rest_route=\/wp\/v2\/media\/3810"}],"wp:attachment":[{"href":"https:\/\/tienda.lasallesantander.es\/index.php?rest_route=%2Fwp%2Fv2%2Fmedia&parent=2887"}],"wp:term":[{"taxonomy":"product_brand","embeddable":true,"href":"https:\/\/tienda.lasallesantander.es\/index.php?rest_route=%2Fwp%2Fv2%2Fproduct_brand&post=2887"},{"taxonomy":"product_cat","embeddable":true,"href":"https:\/\/tienda.lasallesantander.es\/index.php?rest_route=%2Fwp%2Fv2%2Fproduct_cat&post=2887"},{"taxonomy":"product_tag","embeddable":true,"href":"https:\/\/tienda.lasallesantander.es\/index.php?rest_route=%2Fwp%2Fv2%2Fproduct_tag&post=2887"}],"curies":[{"name":"wp","href":"https:\/\/api.w.org\/{rel}","templated":true}]}}